{"id":22,"date":"2024-04-16T16:45:46","date_gmt":"2024-04-16T13:45:46","guid":{"rendered":"https:\/\/aracikargo.com.tr\/index.php\/blog\/"},"modified":"2025-02-07T21:54:02","modified_gmt":"2025-02-07T18:54:02","slug":"blog","status":"publish","type":"page","link":"https:\/\/aracikargo.com.tr\/index.php\/blog\/","title":{"rendered":"Blog"},"content":{"rendered":"\n<p>B\u0130RESYSEL KAPIDA \u00d6DEMEL\u0130 KARGO ANLA\u0130MA\u015eI<\/p>\n\n\n\n<p><a href=\"https:\/\/aracikargo.com.tr\/\">Arac\u0131 Kargo<\/a> ile Bireysel Kap\u0131da \u00f6demeli Kargo anla\u015fmas\u0131 yap\u0131la bilmektedir. Biresysel Kap\u0131da \u00d6demeli Kargo Anla\u015fmas\u0131 i\u00e7in gereken \u015fartlar ise \u015funlard\u0131r; G\u00fcnl\u00fck d\u00fczenli bir Kargo \u00e7\u0131k\u0131\u015f\u0131 olmas\u0131 ( en az 10 ve \u00fczeri ) Kimlik ,\u0130ban ,Adres bilgileri yeterlidir.<\/p>\n\n\n\n<p>Arac\u0131 Kargolar ile di\u011fer Kargolar aras\u0131ndaki fark nedir<\/p>\n\n\n\n<p><br>Arac\u0131 kargolar ve di\u011fer kargolar aras\u0131nda birka\u00e7 fark vard\u0131r. \u0130\u015fte bunlardan baz\u0131lar\u0131:<\/p>\n\n\n\n<ol class=\"wp-block-list\">\n<li><strong>Hizmet Alan\u0131<\/strong>: Arac\u0131 kargolar genellikle sadece belirli bir b\u00f6lge veya \u015fehir i\u00e7inde hizmet verirken, di\u011fer kargolar genellikle ulusal veya uluslararas\u0131 sevkiyatlar i\u00e7in daha geni\u015f bir hizmet a\u011f\u0131na sahiptir.<\/li>\n\n\n\n<li><strong>Paket Boyutlar\u0131<\/strong>: Arac\u0131 kargolar genellikle k\u00fc\u00e7\u00fck ve orta boy paketleri ta\u015f\u0131ma konusunda uzmanla\u015fm\u0131\u015flard\u0131r. Di\u011fer kargolar ise daha geni\u015f bir yelpazedeki paketleri ta\u015f\u0131yabilirler, bu da b\u00fcy\u00fck hacimli veya a\u011f\u0131r y\u00fcklerin ta\u015f\u0131nmas\u0131na olanak tan\u0131r.<\/li>\n\n\n\n<li><strong>H\u0131z ve Teslimat S\u00fcresi<\/strong>: Arac\u0131 kargolar genellikle daha h\u0131zl\u0131 teslimat sunarlar \u00e7\u00fcnk\u00fc daha yerel bir alan\u0131 hedeflerler ve genellikle ayn\u0131 g\u00fcn veya ertesi g\u00fcn teslimat se\u00e7enekleri sunarlar. Di\u011fer kargolar, daha geni\u015f bir co\u011frafi alana yay\u0131ld\u0131klar\u0131 i\u00e7in teslimat s\u00fcreleri biraz daha uzun olabilir.<\/li>\n\n\n\n<li><strong>Fiyatland\u0131rma<\/strong>: Arac\u0131 kargolar genellikle daha d\u00fc\u015f\u00fck fiyatlar sunarlar, \u00e7\u00fcnk\u00fc daha k\u0131sa mesafelerde \u00e7al\u0131\u015f\u0131rlar ve genellikle daha az i\u015f g\u00fcc\u00fcne ve altyap\u0131ya ihtiya\u00e7 duyarlar. Di\u011fer kargolar\u0131n fiyatlar\u0131, ta\u015f\u0131nacak paketin boyutu, a\u011f\u0131rl\u0131\u011f\u0131 ve teslimat\u0131n mesafesine g\u00f6re de\u011fi\u015febilir.<\/li>\n\n\n\n<li><strong>Takip ve \u0130zleme<\/strong>: Her iki kargo t\u00fcr\u00fc de genellikle g\u00f6nderilerinizi takip etme imkan\u0131 sunar, ancak bu hizmetin kapsam\u0131 ve detaylar\u0131 aras\u0131nda farkl\u0131l\u0131klar olabilir. \u00d6rne\u011fin, uluslararas\u0131 kargolar genellikle daha kapsaml\u0131 izleme ve takip hizmetleri sunarlar.<\/li>\n<\/ol>\n\n\n\n<p>Bu fakt\u00f6rler, bir g\u00f6nderinin hangi kargo hizmetiyle g\u00f6nderilece\u011fine karar verirken dikkate al\u0131nabilir.<\/p>\n","protected":false},"excerpt":{"rendered":"<p>B\u0130RESYSEL KAPIDA \u00d6DEMEL\u0130 KARGO ANLA\u0130MA\u015eI Arac\u0131 Kargo ile Bireysel Kap\u0131da \u00f6demeli Kargo anla\u015fmas\u0131 yap\u0131la bilmektedir. Biresysel Kap\u0131da \u00d6demeli Kargo Anla\u015fmas\u0131 i\u00e7in gereken \u015fartlar ise \u015funlard\u0131r; G\u00fcnl\u00fck d\u00fczenli bir Kargo \u00e7\u0131k\u0131\u015f\u0131 olmas\u0131 ( en az 10 ve \u00fczeri ) Kimlik ,\u0130ban ,Adres bilgileri yeterlidir. Arac\u0131 Kargolar ile di\u011fer Kargolar aras\u0131ndaki fark nedir Arac\u0131 kargolar ve di\u011fer [&hellip;]<\/p>\n","protected":false},"author":1,"featured_media":189,"parent":0,"menu_order":0,"comment_status":"closed","ping_status":"closed","template":"","meta":{"footnotes":""},"class_list":["post-22","page","type-page","status-publish","has-post-thumbnail","hentry"],"yoast_head":"<!-- This site is optimized with the Yoast SEO plugin v22.5 - https:\/\/yoast.com\/wordpress\/plugins\/seo\/ -->\n<title>Bireysel Kap\u0131da \u00d6demeli Kargo Anla\u015fmas\u0131<\/title>\n<meta name=\"description\" content=\"Bireysel Kap\u0131da \u00d6demeli Kargo Anla\u015fmas\u0131 \u015eah\u0131s Kap\u0131da \u00d6demeli Kargo Anla\u015fmas\u0131 i\u00e7in gereken \u015eartlar \u015funlard\u0131r. G\u00fcnl\u00fck en az 10 ve \u00fczeri Kargo \u00e7\u0131k\u0131\u015f \u015fart\u0131 ,S\u00f6zle\u015fme ,Hesaba Para g\u00f6nderimi \u015fart\u0131n\u0131 yerine getiren her birey Arac\u0131 Kargom ile anlaima yapabilir\" \/>\n<meta name=\"robots\" content=\"index, follow, max-snippet:-1, max-image-preview:large, max-video-preview:-1\" \/>\n<link rel=\"canonical\" href=\"https:\/\/aracikargo.com.tr\/index.php\/blog\/\" \/>\n<meta property=\"og:locale\" content=\"tr_TR\" \/>\n<meta property=\"og:type\" content=\"article\" \/>\n<meta property=\"og:title\" content=\"Bireysel Kap\u0131da \u00d6demeli Kargo Anla\u015fmas\u0131\" \/>\n<meta property=\"og:description\" content=\"Bireysel Kap\u0131da \u00d6demeli Kargo Anla\u015fmas\u0131 \u015eah\u0131s Kap\u0131da \u00d6demeli Kargo Anla\u015fmas\u0131 i\u00e7in gereken \u015eartlar \u015funlard\u0131r. G\u00fcnl\u00fck en az 10 ve \u00fczeri Kargo \u00e7\u0131k\u0131\u015f \u015fart\u0131 ,S\u00f6zle\u015fme ,Hesaba Para g\u00f6nderimi \u015fart\u0131n\u0131 yerine getiren her birey Arac\u0131 Kargom ile anlaima yapabilir\" \/>\n<meta property=\"og:url\" content=\"https:\/\/aracikargo.com.tr\/index.php\/blog\/\" \/>\n<meta property=\"og:site_name\" content=\"Arac\u0131 Kargo\" \/>\n<meta property=\"article:modified_time\" content=\"2025-02-07T18:54:02+00:00\" \/>\n<meta property=\"og:image\" content=\"https:\/\/aracikargo.com.tr\/wp-content\/uploads\/2024\/04\/Bireysel-Kapida.png\" \/>\n\t<meta property=\"og:image:width\" content=\"1080\" \/>\n\t<meta property=\"og:image:height\" content=\"1080\" \/>\n\t<meta property=\"og:image:type\" content=\"image\/png\" \/>\n<meta name=\"twitter:card\" content=\"summary_large_image\" \/>\n<meta name=\"twitter:label1\" content=\"Tahmini okuma s\u00fcresi\" \/>\n\t<meta name=\"twitter:data1\" content=\"2 dakika\" \/>\n<script type=\"application\/ld+json\" class=\"yoast-schema-graph\">{\"@context\":\"https:\/\/schema.org\",\"@graph\":[{\"@type\":\"WebPage\",\"@id\":\"https:\/\/aracikargo.com.tr\/index.php\/blog\/\",\"url\":\"https:\/\/aracikargo.com.tr\/index.php\/blog\/\",\"name\":\"Bireysel Kap\u0131da \u00d6demeli Kargo Anla\u015fmas\u0131\",\"isPartOf\":{\"@id\":\"http:\/\/aracikargo.com.tr\/#website\"},\"primaryImageOfPage\":{\"@id\":\"https:\/\/aracikargo.com.tr\/index.php\/blog\/#primaryimage\"},\"image\":{\"@id\":\"https:\/\/aracikargo.com.tr\/index.php\/blog\/#primaryimage\"},\"thumbnailUrl\":\"https:\/\/aracikargo.com.tr\/wp-content\/uploads\/2024\/04\/Bireysel-Kapida.png\",\"datePublished\":\"2024-04-16T13:45:46+00:00\",\"dateModified\":\"2025-02-07T18:54:02+00:00\",\"description\":\"Bireysel Kap\u0131da \u00d6demeli Kargo Anla\u015fmas\u0131 \u015eah\u0131s Kap\u0131da \u00d6demeli Kargo Anla\u015fmas\u0131 i\u00e7in gereken \u015eartlar \u015funlard\u0131r. G\u00fcnl\u00fck en az 10 ve \u00fczeri Kargo \u00e7\u0131k\u0131\u015f \u015fart\u0131 ,S\u00f6zle\u015fme ,Hesaba Para g\u00f6nderimi \u015fart\u0131n\u0131 yerine getiren her birey Arac\u0131 Kargom ile anlaima yapabilir\",\"breadcrumb\":{\"@id\":\"https:\/\/aracikargo.com.tr\/index.php\/blog\/#breadcrumb\"},\"inLanguage\":\"tr\",\"potentialAction\":[{\"@type\":\"ReadAction\",\"target\":[\"https:\/\/aracikargo.com.tr\/index.php\/blog\/\"]}]},{\"@type\":\"ImageObject\",\"inLanguage\":\"tr\",\"@id\":\"https:\/\/aracikargo.com.tr\/index.php\/blog\/#primaryimage\",\"url\":\"https:\/\/aracikargo.com.tr\/wp-content\/uploads\/2024\/04\/Bireysel-Kapida.png\",\"contentUrl\":\"https:\/\/aracikargo.com.tr\/wp-content\/uploads\/2024\/04\/Bireysel-Kapida.png\",\"width\":1080,\"height\":1080},{\"@type\":\"BreadcrumbList\",\"@id\":\"https:\/\/aracikargo.com.tr\/index.php\/blog\/#breadcrumb\",\"itemListElement\":[{\"@type\":\"ListItem\",\"position\":1,\"name\":\"Anasayfa\",\"item\":\"http:\/\/aracikargo.com.tr\/\"},{\"@type\":\"ListItem\",\"position\":2,\"name\":\"Blog\"}]},{\"@type\":\"WebSite\",\"@id\":\"http:\/\/aracikargo.com.tr\/#website\",\"url\":\"http:\/\/aracikargo.com.tr\/\",\"name\":\"Arac\u0131 Kargo\",\"description\":\"|  WhatsApp Canl\u0131 Destek : 0542 718 02 02 |\",\"publisher\":{\"@id\":\"http:\/\/aracikargo.com.tr\/#organization\"},\"potentialAction\":[{\"@type\":\"SearchAction\",\"target\":{\"@type\":\"EntryPoint\",\"urlTemplate\":\"http:\/\/aracikargo.com.tr\/?s={search_term_string}\"},\"query-input\":\"required name=search_term_string\"}],\"inLanguage\":\"tr\"},{\"@type\":\"Organization\",\"@id\":\"http:\/\/aracikargo.com.tr\/#organization\",\"name\":\"Arac\u0131 Kargo.com.tr\",\"url\":\"http:\/\/aracikargo.com.tr\/\",\"logo\":{\"@type\":\"ImageObject\",\"inLanguage\":\"tr\",\"@id\":\"http:\/\/aracikargo.com.tr\/#\/schema\/logo\/image\/\",\"url\":\"http:\/\/aracikargo.com.tr\/wp-content\/uploads\/2024\/04\/cropped-araci-kargo-logo.png\",\"contentUrl\":\"http:\/\/aracikargo.com.tr\/wp-content\/uploads\/2024\/04\/cropped-araci-kargo-logo.png\",\"width\":512,\"height\":512,\"caption\":\"Arac\u0131 Kargo.com.tr\"},\"image\":{\"@id\":\"http:\/\/aracikargo.com.tr\/#\/schema\/logo\/image\/\"}}]}<\/script>\n<!-- \/ Yoast SEO plugin. -->","yoast_head_json":{"title":"Bireysel Kap\u0131da \u00d6demeli Kargo Anla\u015fmas\u0131","description":"Bireysel Kap\u0131da \u00d6demeli Kargo Anla\u015fmas\u0131 \u015eah\u0131s Kap\u0131da \u00d6demeli Kargo Anla\u015fmas\u0131 i\u00e7in gereken \u015eartlar \u015funlard\u0131r. G\u00fcnl\u00fck en az 10 ve \u00fczeri Kargo \u00e7\u0131k\u0131\u015f \u015fart\u0131 ,S\u00f6zle\u015fme ,Hesaba Para g\u00f6nderimi \u015fart\u0131n\u0131 yerine getiren her birey Arac\u0131 Kargom ile anlaima yapabilir","robots":{"index":"index","follow":"follow","max-snippet":"max-snippet:-1","max-image-preview":"max-image-preview:large","max-video-preview":"max-video-preview:-1"},"canonical":"https:\/\/aracikargo.com.tr\/index.php\/blog\/","og_locale":"tr_TR","og_type":"article","og_title":"Bireysel Kap\u0131da \u00d6demeli Kargo Anla\u015fmas\u0131","og_description":"Bireysel Kap\u0131da \u00d6demeli Kargo Anla\u015fmas\u0131 \u015eah\u0131s Kap\u0131da \u00d6demeli Kargo Anla\u015fmas\u0131 i\u00e7in gereken \u015eartlar \u015funlard\u0131r. G\u00fcnl\u00fck en az 10 ve \u00fczeri Kargo \u00e7\u0131k\u0131\u015f \u015fart\u0131 ,S\u00f6zle\u015fme ,Hesaba Para g\u00f6nderimi \u015fart\u0131n\u0131 yerine getiren her birey Arac\u0131 Kargom ile anlaima yapabilir","og_url":"https:\/\/aracikargo.com.tr\/index.php\/blog\/","og_site_name":"Arac\u0131 Kargo","article_modified_time":"2025-02-07T18:54:02+00:00","og_image":[{"width":1080,"height":1080,"url":"https:\/\/aracikargo.com.tr\/wp-content\/uploads\/2024\/04\/Bireysel-Kapida.png","type":"image\/png"}],"twitter_card":"summary_large_image","twitter_misc":{"Tahmini okuma s\u00fcresi":"2 dakika"},"schema":{"@context":"https:\/\/schema.org","@graph":[{"@type":"WebPage","@id":"https:\/\/aracikargo.com.tr\/index.php\/blog\/","url":"https:\/\/aracikargo.com.tr\/index.php\/blog\/","name":"Bireysel Kap\u0131da \u00d6demeli Kargo Anla\u015fmas\u0131","isPartOf":{"@id":"http:\/\/aracikargo.com.tr\/#website"},"primaryImageOfPage":{"@id":"https:\/\/aracikargo.com.tr\/index.php\/blog\/#primaryimage"},"image":{"@id":"https:\/\/aracikargo.com.tr\/index.php\/blog\/#primaryimage"},"thumbnailUrl":"https:\/\/aracikargo.com.tr\/wp-content\/uploads\/2024\/04\/Bireysel-Kapida.png","datePublished":"2024-04-16T13:45:46+00:00","dateModified":"2025-02-07T18:54:02+00:00","description":"Bireysel Kap\u0131da \u00d6demeli Kargo Anla\u015fmas\u0131 \u015eah\u0131s Kap\u0131da \u00d6demeli Kargo Anla\u015fmas\u0131 i\u00e7in gereken \u015eartlar \u015funlard\u0131r. G\u00fcnl\u00fck en az 10 ve \u00fczeri Kargo \u00e7\u0131k\u0131\u015f \u015fart\u0131 ,S\u00f6zle\u015fme ,Hesaba Para g\u00f6nderimi \u015fart\u0131n\u0131 yerine getiren her birey Arac\u0131 Kargom ile anlaima yapabilir","breadcrumb":{"@id":"https:\/\/aracikargo.com.tr\/index.php\/blog\/#breadcrumb"},"inLanguage":"tr","potentialAction":[{"@type":"ReadAction","target":["https:\/\/aracikargo.com.tr\/index.php\/blog\/"]}]},{"@type":"ImageObject","inLanguage":"tr","@id":"https:\/\/aracikargo.com.tr\/index.php\/blog\/#primaryimage","url":"https:\/\/aracikargo.com.tr\/wp-content\/uploads\/2024\/04\/Bireysel-Kapida.png","contentUrl":"https:\/\/aracikargo.com.tr\/wp-content\/uploads\/2024\/04\/Bireysel-Kapida.png","width":1080,"height":1080},{"@type":"BreadcrumbList","@id":"https:\/\/aracikargo.com.tr\/index.php\/blog\/#breadcrumb","itemListElement":[{"@type":"ListItem","position":1,"name":"Anasayfa","item":"http:\/\/aracikargo.com.tr\/"},{"@type":"ListItem","position":2,"name":"Blog"}]},{"@type":"WebSite","@id":"http:\/\/aracikargo.com.tr\/#website","url":"http:\/\/aracikargo.com.tr\/","name":"Arac\u0131 Kargo","description":"|  WhatsApp Canl\u0131 Destek : 0542 718 02 02 |","publisher":{"@id":"http:\/\/aracikargo.com.tr\/#organization"},"potentialAction":[{"@type":"SearchAction","target":{"@type":"EntryPoint","urlTemplate":"http:\/\/aracikargo.com.tr\/?s={search_term_string}"},"query-input":"required name=search_term_string"}],"inLanguage":"tr"},{"@type":"Organization","@id":"http:\/\/aracikargo.com.tr\/#organization","name":"Arac\u0131 Kargo.com.tr","url":"http:\/\/aracikargo.com.tr\/","logo":{"@type":"ImageObject","inLanguage":"tr","@id":"http:\/\/aracikargo.com.tr\/#\/schema\/logo\/image\/","url":"http:\/\/aracikargo.com.tr\/wp-content\/uploads\/2024\/04\/cropped-araci-kargo-logo.png","contentUrl":"http:\/\/aracikargo.com.tr\/wp-content\/uploads\/2024\/04\/cropped-araci-kargo-logo.png","width":512,"height":512,"caption":"Arac\u0131 Kargo.com.tr"},"image":{"@id":"http:\/\/aracikargo.com.tr\/#\/schema\/logo\/image\/"}}]}},"_links":{"self":[{"href":"https:\/\/aracikargo.com.tr\/index.php\/wp-json\/wp\/v2\/pages\/22","targetHints":{"allow":["GET"]}}],"collection":[{"href":"https:\/\/aracikargo.com.tr\/index.php\/wp-json\/wp\/v2\/pages"}],"about":[{"href":"https:\/\/aracikargo.com.tr\/index.php\/wp-json\/wp\/v2\/types\/page"}],"author":[{"embeddable":true,"href":"https:\/\/aracikargo.com.tr\/index.php\/wp-json\/wp\/v2\/users\/1"}],"replies":[{"embeddable":true,"href":"https:\/\/aracikargo.com.tr\/index.php\/wp-json\/wp\/v2\/comments?post=22"}],"version-history":[{"count":2,"href":"https:\/\/aracikargo.com.tr\/index.php\/wp-json\/wp\/v2\/pages\/22\/revisions"}],"predecessor-version":[{"id":224,"href":"https:\/\/aracikargo.com.tr\/index.php\/wp-json\/wp\/v2\/pages\/22\/revisions\/224"}],"wp:featuredmedia":[{"embeddable":true,"href":"https:\/\/aracikargo.com.tr\/index.php\/wp-json\/wp\/v2\/media\/189"}],"wp:attachment":[{"href":"https:\/\/aracikargo.com.tr\/index.php\/wp-json\/wp\/v2\/media?parent=22"}],"curies":[{"name":"wp","href":"https:\/\/api.w.org\/{rel}","templated":true}]}}